{"id":433,"date":"2022-12-25T17:58:39","date_gmt":"2022-12-25T17:58:39","guid":{"rendered":"http:\/\/kesatuanbombasm.com\/v3\/?page_id=433"},"modified":"2024-05-31T00:54:58","modified_gmt":"2024-05-31T00:54:58","slug":"tuntutan-tabung-kebajikan","status":"publish","type":"page","link":"https:\/\/kesatuanbombasm.com\/v3\/index.php\/tuntutan-tabung-kebajikan\/","title":{"rendered":"Tuntutan Tabung Kebajikan"},"content":{"rendered":"\n<h2 class=\"wp-block-heading\">MASUK HOSPITAL<\/h2>\n\n\n\n<p><strong>SYARAT<\/strong> <strong>WAJIB<\/strong> <strong>PERMOHONAN<\/strong><\/p>\n\n\n\n<p>1.Permohon mesti ahli kesatuan.<\/p>\n\n\n\n<p>2.Wajib bermalam di hospital selama 7 hari ke atas.<\/p>\n\n\n\n<p><strong>BAYARAN<\/strong> <strong>KEPADA AHLI<\/strong><\/p>\n\n\n\n<p>Bayaran RM 80.00 sahaja.<\/p>\n\n\n\n<hr class=\"wp-block-separator has-alpha-channel-opacity\"\/>\n\n\n\n<h2 class=\"wp-block-heading\">BENCANA ALAM<\/h2>\n\n\n\n<p><strong>SYARAT<\/strong> <strong>WAJIB PERMOHONAN<\/strong><\/p>\n\n\n\n<p>1.Permohon mesti ahli kesatuan.<\/p>\n\n\n\n<p>2.Jenis bencana seperti kebakaran, banjir,&nbsp;&nbsp; ribut dan lain-lain.<\/p>\n\n\n\n<p><strong>BAYARAN KEPADA AHLI<\/strong><\/p>\n\n\n\n<p>Bayaran RM 150.00 sahaja.<\/p>\n\n\n\n<hr class=\"wp-block-separator has-alpha-channel-opacity\"\/>\n\n\n\n<h2 class=\"wp-block-heading\">BERSARA<\/h2>\n\n\n\n<p><strong>SYARAT<\/strong> <strong>WAJIB PERMOHONAN<\/strong><\/p>\n\n\n\n<p>1.Permohon mesti ahli kesatuan.<\/p>\n\n\n\n<p>2.Menjadi ahli sekurang-sekurangnya&nbsp; 5 tahun Menjadi Ahli.<\/p>\n\n\n\n<p><strong>BAYARAN<\/strong> <strong>KEPADA AHLI<\/strong><\/p>\n\n\n\n<p>Bayaran RM 600.00 sahaja.<\/p>\n\n\n\n<hr class=\"wp-block-separator has-alpha-channel-opacity\"\/>\n\n\n\n<h2 class=\"wp-block-heading\">MENINGGAL DUNIA<\/h2>\n\n\n\n<p><strong>SYARAT<\/strong> <strong>WAJIB PERMOHONAN<\/strong><\/p>\n\n\n\n<p>1.Permohon mesti ahli kesatuan.<\/p>\n\n\n\n<p>2.Meninggal dunia disebabkan berpenyakit atau kemalangan jalan raya.<\/p>\n\n\n\n<p><strong>BAYARAN KEPADA AHLI<\/strong><\/p>\n\n\n\n<p>Bayaran RM 600.00 sahaja.<\/p>\n\n\n\n<hr class=\"wp-block-separator has-alpha-channel-opacity\"\/>\n\n\n\n<h2 class=\"wp-block-heading\">DERMASISWA<\/h2>\n\n\n\n<p><strong>SYARAT<\/strong> <strong>WAJIB PERMOHONAN<\/strong><\/p>\n\n\n\n<p>1.Permohon mesti ahli kesatuan.<\/p>\n\n\n\n<p>2.Keputusan PMR, SPM, STPM dan IPTA.<\/p>\n\n\n\n<p><strong>BAYARAN<\/strong> <strong>KEPADA AHLI<\/strong><\/p>\n\n\n\n<p>Bayaran Minima RM100.00 .<\/p>\n\n\n\n<hr class=\"wp-block-separator has-alpha-channel-opacity\"\/>\n\n\n\n<p><strong>BAGAIMANA NAK BUAT TUNTUTAN<\/strong><\/p>\n\n\n\n<p>1.<strong>Sebarang<\/strong><strong> <\/strong><strong>permohonan<\/strong><strong> <\/strong><strong>hendaklah<\/strong><strong> <\/strong><strong>mengisi<\/strong><strong> <\/strong><strong>borang<\/strong><strong> yang <\/strong><strong>telah<\/strong><strong> <\/strong><strong>disediakan<\/strong><strong> <\/strong><strong>oleh<\/strong><strong> <\/strong><strong>pihak<\/strong><strong> <\/strong><strong>kesatuan<\/strong><strong>.<\/strong><\/p>\n\n\n\n<p><\/p>\n\n\n\n<p>2.<strong>Borang<\/strong><strong> <\/strong><strong>permohonan<\/strong><strong> <\/strong><strong>boleh<\/strong><strong> <\/strong><strong>didapati<\/strong><strong> <\/strong><strong>daripada<\/strong><strong> <\/strong><strong>Setiausaha<\/strong><strong> <\/strong><strong>Cawangan<\/strong><strong> <\/strong><strong>dan<\/strong><strong> <\/strong><strong>pejabat<\/strong><strong> KPBPSM<\/strong><\/p>\n\n\n\n<p><\/p>\n\n\n\n<p>3.<strong>Borang yang lengkap hendaklah&nbsp; dihantar kepada Setiausaha Cawangan negeri masing-masing dan disahkan oleh Setiausaha Cawangan Negeri sebelum dihantar ke ibu pejabat KPBPSM.<\/strong><\/p>\n\n\n\n<p>*<strong>Borang anda boleh dapatkan didalam sistem e-kesatuan<\/strong><\/p>\n\n\n\n<hr class=\"wp-block-separator has-alpha-channel-opacity\"\/>\n\n\n\n<p><strong>Dengan bayaran atau potongan RM8.00 terdapat perlindungan insuran tambahan kepada ahli<\/strong><\/p>\n\n\n\n<figure class=\"wp-block-table\"><table><tbody><tr><td><\/td><td><strong>JENIS PENYAKIT\/KEMALANGAN<\/strong><\/td><td><strong>% dari jumlah <\/strong><br><strong>diinsurankan<\/strong><\/td><\/tr><tr><td>1<\/td><td>Kematian<\/td><td>100%<\/td><\/tr><tr><td>2<\/td><td>Hilang kedua-dua belah tangan<\/td><td>100%<\/td><\/tr><tr><td>3<\/td><td>Hilang kedua-dua belah kaki<\/td><td>100%<\/td><\/tr><tr><td>4<\/td><td>Hilang menyeluruh tanpa pemulihan pada kedua-dua belah mata<\/td><td>100%<\/td><\/tr><tr><td>5<\/td><td>Hilang sebelah tangan dan sebelah kaki<\/td><td>100%<\/td><\/tr><tr><td>6<\/td><td>Hilang akal menyeluruh dan tidak dapat disembuhkan<\/td><td>100%<\/td><\/tr><tr><td>7<\/td><td>Sebarang kecederaan yang menyebabkan upaya menyeluruh (lumpuh)<\/td><td>100%<\/td><\/tr><tr><td>8<\/td><td>Kecederaan yang menyebabkan&nbsp; berkekalan dikatil<\/td><td>100%<\/td><\/tr><tr><td>9<\/td><td>Hilang tangan pada bahu<\/td><td>100%<\/td><\/tr><tr><td>10<\/td><td>Hilang tangan antara bahu dan siku<\/td><td>100%<\/td><\/tr><tr><td>11<\/td><td>Hilang tangan pada siku<\/td><td>100%<\/td><\/tr><tr><td>12<\/td><td>Hilang tangan antara siku dan pergelangan tangan<\/td><td>100%<\/td><\/tr><tr><td>13<\/td><td>Hilang tangan pada pergelangan tangan<\/td><td>100%<\/td><\/tr><tr><td>14<\/td><td>Hilang kaki pada pangkal peha<\/td><td>100%<\/td><\/tr><tr><td>15<\/td><td>Hilang kaki antara lutut dan pangkal peha<\/td><td>100%<\/td><\/tr><tr><td>16<\/td><td>Hilang kaki di bawah lutut<\/td><td>100%<\/td><\/tr><tr><td>17<\/td><td>Hilang mata &#8211; keseluruhan<\/td><td>100%<\/td><\/tr><tr><td>18<\/td><td>Hilang mata &#8211; penglihatan<\/td><td>100%<\/td><\/tr><tr><td>19<\/td><td>Hilang penglihatan kecuali dari penerapan cahaya<\/td><td>50%<\/td><\/tr><tr><td>20<\/td><td>Hilang kanta pada kedua-dua belah mata<\/td><td>50%<\/td><\/tr><tr><td>21<\/td><td>Hilang empat jari dan jari ibu sebelah tangan<\/td><td>50%<\/td><\/tr><tr><td>22<\/td><td>Hilang empat jari<\/td><td>40%<\/td><\/tr><tr><td>23<\/td><td>Hilang ibu jari \u2013 kedua-dua ruas\/ satu ruas<\/td><td>25%<\/td><\/tr><tr><td>24<\/td><td>Hilang jari telunjuk \u2013 tiga ruas<br>\u00d8 dua ruas<br>\u00d8 satu ruas<\/td><td>10%<br>8%<br>4%<\/td><\/tr><tr><td>25<\/td><td>Hilang jari hantu \u2013 tiga ruas<br>\u00d8 dua ruas<br>\u00d8 Satu ruas<\/td><td>6%<br>4%<br>2%<\/td><\/tr><tr><td>26<\/td><td>Hilang jari manis \u2013 tiga ruas<br>\u00d8 dua ruas<br>\u00d8 satu ruas<\/td><td>5%<br>4%<br>2%<\/td><\/tr><tr><td>27<\/td><td>Hilang jari manis \u2013 tiga ruas<br>\u00d8 dua ruas<br>\u00d8 satu ruas<\/td><td>4%<br>3%<br>2%<\/td><\/tr><tr><td>28<\/td><td>Hilang jari kaki \u2013 semua<br>\u00d8Ibu jari kedua-dua ruas<br>\u00d8Jari ibu satu ruas<br>\u00d8Salah satu jari ibu, setiap satu<\/td><td>15%<br>5%<br>2%<br>1%<\/td><\/tr><tr><td>29<\/td><td>Hilang pendengaran -Kedua-dua belah telinga<br>\u00d8 Sebelah telinga<\/td><td>75%<br>15%<\/td><\/tr><tr><td>30<\/td><td>Hilang Percakapan<\/td><td>50%<\/td><\/tr><\/tbody><\/table><\/figure>\n\n\n\n<hr class=\"wp-block-separator has-alpha-channel-opacity\"\/>\n\n\n\n<p><strong>Dengan bayaran atau potongan RM20.00 terdapat perlindungan insuran MCIS kepada ahli<\/strong><br><strong>(POTONGAN INSURAN KELOMPOK MCIS RM20.00)<\/strong><\/p>\n\n\n\n<figure class=\"wp-block-table\"><table><tbody><tr><td><strong>BIL<\/strong><\/td><td><strong>JENIS PENYAKIT\/ KEMALANGAN<\/strong><\/td><td><strong>Bayaran<\/strong> <strong>(RM)<\/strong><\/td><\/tr><tr><td>1<\/td><td>Kematian akibat penyakit<\/td><td>20,000.00<\/td><\/tr><tr><td>2<\/td><td>Kematian akibat kemalangan<\/td><td>40,000.00<\/td><\/tr><tr><td>3<\/td><td>Hilang upaya akibat kemalangan<\/td><td>20,000.00<\/td><\/tr><tr><td>4<\/td><td>Hilang upaya kekal dan menyeluruh akibat kemalangan<\/td><td>20,000.00<\/td><\/tr><tr><td>5<\/td><td>Hilang upaya kekal dan menyeluruh akibat penyakit<\/td><td>20,000.00<\/td><\/tr><tr><td>6<\/td><td>Khairat kematian<\/td><td>2000.00<\/td><\/tr><tr><td>7<\/td><td>Elaun kemasukan hospital\/malam<\/td><td>20.00\/malam<\/td><\/tr><tr><td>8<\/td><td>36 Penyakit kritikal seperti senarai di bawah<\/td><td>20,000.00<\/td><\/tr><\/tbody><\/table><\/figure>\n\n\n\n<p><strong>36 PENYAKIT KRITIKALYANG DILINDUNGI<\/strong><\/p>\n\n\n\n<p>1.Serangan Jantung (Infarksi Miokardium)<\/p>\n\n\n\n<p>2.Strok<\/p>\n\n\n\n<p>3.Kanser<\/p>\n\n\n\n<p>4.Pembedahan Lencongan Arteri&nbsp;&nbsp;&nbsp;&nbsp; Koronari<\/p>\n\n\n\n<p>5.Kegagalan Buah Pinggang<\/p>\n\n\n\n<p>6.Pemindahan Major Organ<\/p>\n\n\n\n<p>7.Pembedahan Injap Jantung<\/p>\n\n\n\n<p>8.Pembedahan Aorta<\/p>\n\n\n\n<p>9.Luka Terbakar Major<\/p>\n\n\n\n<p>10.Kelumpuhan (Parapleia \/ Hemiplegia \/&nbsp;&nbsp;&nbsp;&nbsp; Quadraplegia)<\/p>\n\n\n\n<p>11.Buta<\/p>\n\n\n\n<p>12.Kepekakan<\/p>\n\n\n\n<p>13.Hilang Pertuturan<\/p>\n\n\n\n<p>14.Koma<\/p>\n\n\n\n<p>15.Penyakit Paru-Paru Kronik<\/p>\n\n\n\n<p>16.Penyakit Fulminate Viral<\/p>\n\n\n\n<p>17.Penyakit Parkinson<\/p>\n\n\n\n<p>18.Penyakit Alzheimer<\/p>\n\n\n\n<p>19.Skelerosis Berbilang<\/p>\n\n\n\n<p>20.Penyakit Motor Neuron<\/p>\n\n\n\n<p>21.Distrofi Otot<\/p>\n\n\n\n<p>22.Polimyelitis<\/p>\n\n\n\n<p>23.Hipertensi Pulmonari<\/p>\n\n\n\n<p>24.Ketumbuhan Otak Benign<\/p>\n\n\n\n<p>25.Penyakit Terminal<\/p>\n\n\n\n<p>26.HIV Melalui Transfusi Darah<\/p>\n\n\n\n<p>27.Kerosakan Otak disebabkan Trauma<\/p>\n\n\n\n<p>28.Kardiomiopati<\/p>\n\n\n\n<p>29.Pembedahan Otak<\/p>\n\n\n\n<p>30.Penyakit Hati Kronik<\/p>\n\n\n\n<p>31.Anemia Aplastik<\/p>\n\n\n\n<p>32.Meningitis Bakteria<\/p>\n\n\n\n<p>33.Ensefalitis<\/p>\n\n\n\n<p>34.Penyakit Medulari Sistik<\/p>\n\n\n\n<p>35.Sistem Lupus Erythematosus<\/p>\n\n\n\n<p>***<strong>PENGECUALIAN SKIM<\/strong><\/p>\n\n\n\n<p><strong>Kematian \/ Hilang Upaya berpunca dari \/ akibat:<\/strong><\/p>\n\n\n\n<p>1.Sebarang percubaan dengan niat mencederakan diri sendiri sama ada siuman ataupun tidak siuman<\/p>\n\n\n\n<p>2 Kecederaan tubuh badan yang dialami semasa dalam penerbangan mana-mana pesawat yang tidak mengikut jadual penerbangan secara regular.<\/p>\n\n\n\n<p>3.Peperangan samada diisytiharkan atau tidak.<\/p>\n\n\n\n<p>4.Serangan kemarahan yang dibangkitkan, ketagihan dadah, sebarang bentuk perlumbaan (selain daripada menggunakan kaki), selam skuba dan memburu.<\/p>\n\n\n\n<hr class=\"wp-block-separator has-alpha-channel-opacity\"\/>\n\n\n\n<p><strong>PENYAKIT KRITIKAL YANG :<\/strong><\/p>\n\n\n\n<p>\u2022Dihidapi sebelum tarikh perlindungan berkuat kuasa<\/p>\n\n\n\n<p>\u2022Didiagnosiskan<\/p>\n\n\n\n<p><strong>MANFAATKAN SKIM :<\/strong><\/p>\n\n\n\n<p>\u202250% daripada jumlah manfaat akan dibayar sekiranya Kematian \/ Hilang Upaya Total(Keseluruhan) &amp; Kekal akibat penyakit sediada dalam 2 tahun pertama perlindungan berkuatkuasa.<\/p>\n\n\n\n<p>\u2014\u00a0<strong><em>Kemaskini 31\/05\/2024 08:53\u00a0pm<\/em><\/strong><\/p>\n","protected":false},"excerpt":{"rendered":"<p>MASUK HOSPITAL SYARAT WAJIB PERMOHONAN 1.Permohon mesti ahli kesatuan. 2.Wajib bermalam di hospital selama 7&#8230;<\/p>\n","protected":false},"author":1,"featured_media":0,"parent":0,"menu_order":0,"comment_status":"closed","ping_status":"closed","template":"","meta":{"pgc_sgb_lightbox_settings":"","footnotes":""},"class_list":["post-433","page","type-page","status-publish","hentry"],"_links":{"self":[{"href":"https:\/\/kesatuanbombasm.com\/v3\/index.php\/wp-json\/wp\/v2\/pages\/433","targetHints":{"allow":["GET"]}}],"collection":[{"href":"https:\/\/kesatuanbombasm.com\/v3\/index.php\/wp-json\/wp\/v2\/pages"}],"about":[{"href":"https:\/\/kesatuanbombasm.com\/v3\/index.php\/wp-json\/wp\/v2\/types\/page"}],"author":[{"embeddable":true,"href":"https:\/\/kesatuanbombasm.com\/v3\/index.php\/wp-json\/wp\/v2\/users\/1"}],"replies":[{"embeddable":true,"href":"https:\/\/kesatuanbombasm.com\/v3\/index.php\/wp-json\/wp\/v2\/comments?post=433"}],"version-history":[{"count":21,"href":"https:\/\/kesatuanbombasm.com\/v3\/index.php\/wp-json\/wp\/v2\/pages\/433\/revisions"}],"predecessor-version":[{"id":2387,"href":"https:\/\/kesatuanbombasm.com\/v3\/index.php\/wp-json\/wp\/v2\/pages\/433\/revisions\/2387"}],"wp:attachment":[{"href":"https:\/\/kesatuanbombasm.com\/v3\/index.php\/wp-json\/wp\/v2\/media?parent=433"}],"curies":[{"name":"wp","href":"https:\/\/api.w.org\/{rel}","templated":true}]}}